 929252?
2, 19, 12227
List the prime factors of 470035.
5, 94007
List the prime factors of 1006015.
5, 201203
What are the prime factors of 510153?
3, 7, 17, 1429
List the prime factors of 10722836.
2, 2680709
List the prime factors of 120967.
7, 11, 1571
What are the prime factors of 5519743?
197, 28019
List the prime factors of 221338.
2, 13, 8513
List the prime factors of 178106.
2, 19, 43, 109
What are the prime factors of 1316603?
1316603
What are the prime factors of 1416338?
2, 7, 11, 17, 541
What are the prime factors of 107424?
2, 3, 373
List the prime factors of 153389.
157, 977
What are the prime factors of 2046085?
5, 409217
What are the prime factors of 151406?
2, 75703
List the prime factors of 6718748.
2, 1679687
List the prime factors of 3480693.
3, 557, 2083
List the prime factors of 7955819.
2377, 3347
What are the prime factors of 1149369?
3, 13, 2267
List the prime factors of 208792.
2, 26099
List the prime factors of 665.
5, 7, 19
What are the prime factors of 45189?
3, 5021
What are the prime factors of 177989?
7, 47, 541
List the prime factors of 280174.
2, 19, 73, 101
What are the prime factors of 473999?
473999
List the prime factors of 557955.
3, 5, 4133
List the prime factors of 1763268.
2, 3, 13, 89, 127
List the prime factors of 112430.
2, 5, 11243
What are the prime factors of 656883?
3, 24329
List the prime factors of 408011.
408011
List the prime factors of 900564.
2, 3, 7, 71, 151
What are the prime factors of 26530364?
2, 7, 61, 317
What are the prime factors of 778772?
2, 19, 10247
What are the prime factors of 259889?
7, 137, 271
What are the prime factors of 4530873?
3, 19, 29, 2741
List the prime factors of 4169709.
3, 17, 27253
What are the prime factors of 1458801?
3, 19, 449
What are the prime factors of 4145836?
2, 1036459
List the prime factors of 4758000.
2, 3, 5, 13, 61
List the prime factors of 32522377.
17, 1913081
What are the prime factors of 84031?
17, 4943
List the prime factors of 15336715.
5, 827, 3709
What are the prime factors of 2313137?
2313137
What are the prime factors of 3541989?
3, 11, 181, 593
What are the prime factors of 510315?
3, 5, 13, 2617
What are the prime factors of 218031?
3, 11, 6607
What are the prime factors of 21885333?
3, 7295111
List the prime factors of 6252715.
5, 7, 227, 787
List the prime factors of 2706522.
2, 3, 7, 13, 4957
What are the prime factors of 762772?
2, 23, 8291
What are the prime factors of 8514964?
2, 19, 181, 619
List the prime factors of 183610.
2, 5, 7, 43, 61
What are the prime factors of 5398502?
2, 641, 4211
What are the prime factors of 1074086?
2, 13, 109, 379
List the prime factors of 65587.
65587
What are the prime factors of 2676191?
7, 17, 43, 523
What are the prime factors of 26315208?
2, 3, 365489
List the prime factors of 336631.
336631
List the prime factors of 413655.
3, 5, 11, 23, 109
What are the prime factors of 3309185?
5, 11, 60167
List the prime factors of 362802.
2, 3, 11, 23, 239
What are the prime factors of 17769723?
3, 5923241
What are the prime factors of 2698926?
2, 3, 449821
List the prime factors of 10340877.
3, 3446959
List the prime factors of 5362455.
3, 5, 7, 51071
List the prime factors of 2871100.
2, 5, 28711
What are the prime factors of 233049?
3, 131, 593
List the prime factors of 676432.
2, 67, 631
List the prime factors of 166106.
2, 23, 157
List the prime factors of 15035197.
1777, 8461
List the prime factors of 32462349.
3, 293, 36931
List the prime factors of 244485.
3, 5, 1811
What are the prime factors of 5874869?
7, 11, 13, 5869
What are the prime factors of 2303942?
2, 17, 67763
What are the prime factors of 215617?
215617
What are the prime factors of 10026741?
3, 37, 103, 877
List the prime factors of 2382493.
103, 23131
What are the prime factors of 3775517?
37, 67, 1523
What are the prime factors of 972796?
2, 11, 22109
List the prime factors of 369595.
5, 193, 383
What are the prime factors of 204045?
3, 5, 61, 223
What are the prime factors of 9694912?
2, 151483
What are the prime factors of 7722031?
71, 108761
What are the prime factors of 1145195?
5, 233, 983
What are the prime factors of 262957?
262957
What are the prime factors of 27143362?
2, 19, 29, 24631
What are the prime factors of 263344?
2, 109, 151
List the prime factors of 356196.
2, 3, 29683
What are the prime factors of 105235?
5, 13, 1619
What are the prime factors of 5381113?
5381113
List the prime factors of 4260677.
4260677
List the prime factors of 21431081.
7, 263, 1663
List the prime factors of 2623720.
2, 5, 11, 67, 89
What are the prime factors of 82880?
2, 5, 7, 37
List the prime factors of 2884699.
2884699
List the prime factors of 11506222.
2, 7, 13, 191, 331
List the prime factors of 9067574.
2, 751, 6037
What are the prime factors of 221003?
61, 3623
List the prime factors of 7067775.
3, 5, 11, 13, 659
What are the prime factors of 10490342?
2, 41, 127931
What are the prime factors of 6355309?
6355309
What are the prime factors of 1417815?
3, 5, 7, 643
List the prime factors of 8391580.
2, 5, 419579
What are the prime factors of 3240822?
2, 3, 13, 41549
What are the prime factors of 16770487?
673, 24919
List the prime factors of 268079.
7, 5471
List the prime factors of 2499668.
2, 624917
List the prime factors of 1398562.
2, 11, 151, 421
What are the prime factors of 30281340?
2, 3, 5, 23, 21943
List the prime factors of 1817176.
2, 227147
List the prime factors of 528969.
3, 7, 25189
List the prime factors of 401100.
2, 3, 5, 7, 191
What are the prime factors of 5065111?
29, 174659
List the prime factors of 688921.
19, 101, 359
List the prime factors of 473898.
2, 3, 19, 4157
List the prime factors of 1380427.
1380427
List the prime factors of 21976726.
2, 10988363
List the prime factors of 1983125.
5, 19, 167
List the prime factors of 306763.
306763
List the prime factors of 1657708.
2, 13, 71, 449
List the prime factors of 22184310.
2, 3, 5, 107, 6911
What are the prime factors of 1929222?
2, 3, 19, 5641
List the prime factors of 693308.
2, 7, 11, 2251
What are the prime factors of 37023681?
3, 937, 13171
List the prime factors of 4235765.
5, 19, 44587
What are the prime factors of 904122?
2, 3, 5581
List the prime factors of 1337666.
2, 11, 41, 1483
What are the prime factors of 390903?
3, 229, 569
What are the prime factors of 171808?
2, 7, 13, 59
What are the prime factors of 370525?
5, 14821
What are the prime factors of 16666742?
2, 8333371
What are the prime factors of 14950630?
2, 5, 1495063
List the prime factors of 3462801.
3, 1154267
What are the prime factors of 778581?
3, 86509
What are the prime factors of 1169232?
2, 3, 24359
List the prime factors of 354539.
354539
What are the prime factors of 215216?
2, 13451
List the prime factors of 394951.
29, 13619
List the prime factors of 246059.
11, 22369
List the prime factors of 85865.
5, 13, 1321
What are the prime factors of 863342?
2, 431671
What are the prime factors of 432054?
2, 3, 7, 127
List the prime factors of 3091547.
19, 162713
What are the prime factors of 2530224?
2, 3, 5857
What are the prime factors of 604527?
3, 7, 11, 2617
List the prime factors of 893599.
7, 127657
What are the prime factors of 985024?
2, 15391
What are the prime factors of 2336891?
181, 12911
List the prime factors of 4617394.
2, 97, 23801
List the prime factors of 1585535.
5, 7, 89, 509
What are the prime factors of 86859?
3, 3217
List the prime factors of 5334810.
2, 3, 5, 13, 13679
What are the prime factors of 188680?
2, 5, 53, 89
List the prime factors of 3905.
5, 11, 71
What are the prime factors of 154995?
3, 5, 10333
List the prime factors of 3075899.
3075899
What are the prime factors of 1228295?
5, 29, 43, 197
List the prime factors of 69584.
2, 4349
What are the prime factors of 35799626?
2, 17899813
What are the prime factors of 11901957?
3, 883, 4493
What are the prime factors of 1643271?
3, 7, 17, 4603
List the prime factors of 673781.
673781
What are the prime factors of 834498?
2, 3, 7, 37, 179
List the prime factors of 102067.
7, 2083
What are the prime factors of 519615?
3, 5, 1283
List the prime factors of 41637.
3, 13879
What are the prime factors of 2005324?
2, 23, 71, 307
List the prime factors of 10819625.
5, 101, 857
List the prime facto